 the prime factors of q.
13
Let u(r) = -r**3 + 4*r**2 - 4*r + 3. Let s be u(2). Let n be (-2 + 0)/(s/(-12)). What are the prime factors of 22/n + 1/4?
3
Let d = -8 - -10. What are the prime factors of d/4*(11 - -1)?
2, 3
Let p = 132 + -102. What are the prime factors of p?
2, 3, 5
Let k(i) = i + 10. Let d(r) = -r**2 + 7*r - 7. Let s be d(7). Let y be k(s). Suppose -x + 48 = 4*f, -y*f + 4*x = x - 21. What are the prime factors of f?
11
Suppose 3*j - 6 = -0*j. Suppose -2*o = j*o. Suppose o = -3*v + 4 + 26. What are the prime factors of v?
2, 5
Suppose 0 = -0*o - 5*o + 50. Let v = o + -15. Let s = -2 - v. List the prime factors of s.
3
Suppose 5*k = b + 42, 4*k - 3*b + 0*b - 38 = 0. What are the prime factors of k?
2
Suppose -3*g + 9 = -3*o, 0 = o - 3*g + 10 + 3. Suppose -6*f + o*f + 32 = 0. List the prime factors of f.
2
Suppose 0 = 3*q - 5*b - 13, -1 - 3 = 2*q + 3*b. Suppose -4*s + 36 = p, s = 4*p - q - 58. List the prime factors of p.
2
Let a(z) = 9*z + 5. Let y(x) = 8*x + 5 + 11*x + 5. Let h(v) = -7*a(v) + 3*y(v). List the prime factors of h(-4).
19
Let j(w) = -w**2 - 12*w - 15. Let h be 4/((-39)/(-15) - 3). List the prime factors of j(h).
5
Let k = 3 + -8. Let i = k - -9. Suppose -4*z = -t + i, 0 = -3*t + 6*t - z - 34. What are the prime factors of t?
2, 3
Suppose 62*n - 58*n = 432. List the prime factors of n.
2, 3
Let j(f) = -f + 10. Let w(n) = -n**3 + 10*n**2 - 9*n + 8. Let c be w(9). What are the prime factors of j(c)?
2
Let i(j) = -j**3 - 7*j**2 + 10*j - 4. Let n be i(-8). Let s = -13 + -17. Let b = n - s. List the prime factors of b.
2, 5
Let v = -14 + 47. Let n = -15 + v. What are the prime factors of n?
2, 3
Let z = -4 - -13. What are the prime factors of z/12*32/1?
2, 3
What are the prime factors of 2/7 + (-4042)/(-14)?
17
Let a(w) = -w**2 + 11*w - 11. Let n be a(9). Let v(x) = x**2 - 7*x. Let k be v(n). Suppose 3*u + 0 - 9 = k. List the prime factors of u.
3
Suppose -2*x = -5*x - 9. List the prime factors of x/5 + (-43)/(-5).
2
Suppose 1 + 3 = 2*h. Suppose 6*l - h*l + 2*s - 34 = 0, 4*s + 62 = 5*l. List the prime factors of l.
2, 5
Let r(l) = 3*l - 6. Let k(m) = -m - 2. Let q be ((-16)/10)/((-1)/(-5)). Let z be k(q). What are the prime factors of r(z)?
2, 3
Let n(k) = 15*k**2 + 2*k + 1. Let v be n(-1). Suppose -2*w = 2*w + 3*m - 18, v = 3*w + 2*m. What are the prime factors of -2*2*(-21)/w?
2, 7
Suppose 3*w = -b + 8, 0 = -0*b - 2*b - 3*w + 25. What are the prime factors of b?
17
Let t(r) = -2*r**3 - 7*r**2 - 1. Let j(f) = -f**3 - f**2. Let s(x) = -5*j(x) + t(x). List the prime factors of s(2).
3, 5
Suppose 17 = -5*j - 8. Let r(h) = -3*h - 6 + 1 - h**3 - 5*h**2 + 0. List the prime factors of r(j).
2, 5
Let x(q) = q**3 + 4*q**2 + 3. Let j(y) = -y - 10. Let p be j(-6). What are the prime factors of x(p)?
3
Let a be (-44 + 0)*3/(-6). Let j(p) = -3*p + 5. Let z be j(-5). Suppose a = 3*w - 2*g, -w + 4*w - 4*g = z. List the prime factors of w.
2
Suppose u - 3*u + 4 = 0. Let s(a) = -5*a + a - u*a. List the prime factors of s(-2).
2, 3
Let d be 4 + (-3)/(9/6). Suppose c + h - 7 = 0, -4*c + d*c - 4*h + 24 = 0. Suppose c*r - 2 = 6. What are the prime factors of r?
2
What are the prime factors of 594/10 - 10/25?
59
Let p(b) = -6*b - 19. What are the prime factors of p(-8)?
29
Let k = -104 - -146. Let h be 4/k*9*7. What are the prime factors of (-1)/(-2)*2 + h?
7
Let o be (-14)/(-3) + (-5)/(-15). Suppose o*f - k - 38 = 3, 2*f + 4*k = 12. List the prime factors of f.
2
Suppose 5*i = 4*p - 43, -7*i + 2*i - 26 = -3*p. What are the prime factors of p?
17
Let v(q) = -2*q + 2*q + 8 + q + 0*q. List the prime factors of v(-6).
2
Let c(m) = 16*m**2 + m - 1. Let q be c(1). Suppose -q = -4*f + 8. List the prime factors of f.
2, 3
Suppose 6*r + 4*k - 8 = 2*r, -4*k - 16 = -4*r. Let l = 2 + r. Suppose l*x - 13 - 2 = 0. What are the prime factors of x?
3
Let h = -11 + 13. What are the prime factors of 12/h - (0 - -2)?
2
Let s(l) = -3*l**2 - 7 - 7*l + 2*l**2 + 0*l**2. Let b be s(-5). Suppose b*d = -3, -d - 2 = -f + 10. List the prime factors of f.
11
Let s(c) = 20*c**3 - 2*c + 1. What are the prime factors of s(2)?
157
Let a be (-1 + 0 + -2)*1. Let b(z) = -3*z + 3. List the prime factors of b(a).
2, 3
Suppose 2*a - 8 = 2*x, 5*x - 3*a = -a - 8. Suppose x = -5*h - 0*h + 25. What are the prime factors of h?
5
Let s = -11 - -73. What are the prime factors of s?
2, 31
Let b(d) = d - 4. Let r be b(4). What are the prime factors of 3 - 2/4*r?
3
Let s = 15 - -18. List the prime factors of s.
3, 11
Let r(g) = -47*g + 2. Let v(u) = 24*u - 1. Let l(i) = 3*r(i) + 5*v(i). Let b be l(-1). Suppose 2*z - b = 5*f, -5*z - f - 2*f = -24. List the prime factors of z.
2, 3
Suppose 0 = j + 3*v - 63, 5*j - v - 217 = 50. What are the prime factors of j?
2, 3
Let c(y) = y**3 - 10*y**2 + 13*y - 13. List the prime factors of c(9).
23
Let h(d) be the third derivative of -d**4/24 + 3*d**3/2 + 2*d**2. Suppose -8 = -j - j. What are the prime factors of h(j)?
5
Suppose -5*o - 9 = 1. Let g = 6 - o. List the prime factors of g.
2
Let v(r) = 4*r**2 - 12*r - 9. What are the prime factors of v(-7)?
271
Let w be (-22)/(-8)*12/3. Let d = -9 + 12. Suppose -4*r - d = -w. List the prime factors of r.
2
Let c = 3 + 3. What are the prime factors of ((-2)/c)/(1/(-42))?
2, 7
Suppose 105 = 2*n - 7*n. Let y = -3 - 12. Let i = y - n. List the prime factors of i.
2, 3
Let k be 21/2*6/(-9). Let g(p) = 3*p**2 + 11*p + 7. Let a be g(k). Suppose 0 = -5*v + a - 27. What are the prime factors of v?
2, 5
Let j(g) = -g**2 - 7*g - 7. Let f be j(-4). Suppose 0 = -f*m + 4*t + 209, -3*m - 4*t - 19 + 138 = 0. What are the prime factors of m?
41
Let b(t) be the second derivative of -t**4/12 + 8*t**3/3 - 4*t**2 + 8*t. List the prime factors of b(14).
2, 5
Let x(i) = -i**2 + 5*i + 2. Let z be 9/2 + (-5)/(-10). Let f be x(z). Suppose -f*j + 21 = 3*b + j, -3*b + 19 = j. What are the prime factors of b?
2, 3
Suppose -5*m - 3*p + 6*p + 122 = 0, 4*m - 98 = 2*p. List the prime factors of m.
5
Suppose 2*z + 4*z - 1026 = 0. What are the prime factors of z?
3, 19
List the prime factors of (-216)/(-16) + 6/(-4).
2, 3
Suppose 4*o = 5*s - 8, 2*o - o + 1 = s. Suppose 15 = o*v - 27. What are the prime factors of v?
2, 7
Let b(l) = 3*l + 3. Suppose -20 = g - 6*g. List the prime factors of b(g).
3, 5
Suppose 12 = 3*w + w. Suppose -12 = -2*a - 3*p + 2*p, p = -w*a + 18. List the prime factors of a.
2, 3
Let v = -91 - -180. List the prime factors of v.
89
Let m = -6 + 7. Suppose -4*a = c + 5, c = 3*c + 4*a + 6. List the prime factors of m*(2 - (c - -1)).
2
Suppose -5*h - 30 = -2*z + 78, z = -4*h - 76. Let y = 36 + h. What are the prime factors of y?
2
Suppose -5*t = 2*c - 30, -t + 6 = -2*t + 2*c. Suppose -t*y + 120 = 4*u, 8*y - 3*y + 3*u = 142. List the prime factors of y.
2, 13
Suppose 3489 - 861 = 9*q. List the prime factors of q.
2, 73
Suppose -5*r = -186 - 154. Let y be (r/5)/((-4)/(-10)). List the prime factors of (y/(-3))/(6/(-9)).
17
Let c(b) = 6*b**3 + 8*b**2 + 1. Let w(k) = -k**3 - k**2 - k - 1. Let s(g) = -c(g) - 5*w(g). Let x be s(-4). What are the prime factors of ((-7 - x)*1)/(-1)?
7
Let r(a) = 3*a**2 + 6*a - 5. Let t be r(-5). Suppose 5*s - 9 = -2*d + 6, 5*s - 3*d = t. List the prime factors of s.
5
Let m(d) = 44*d - 1. What are the prime factors of m(1)?
43
Let w = 52 - 3. List the prime factors of w.
7
Suppose -5*t + 3 = 2*w - 3*w, -4*t = -4*w - 12. Suppose -l + 5*k + 1 + 7 = t, k + 16 = 5*l. List the prime factors of l.
3
Let q be 10*9/6 + 2. Let a = -10 + q. List the prime factors of a.
7
Let t = -11 + 41. List the prime factors of t.
2, 3, 5
Let m(n) = -n**2 + 4. Let q be m(-3). Suppose 2 = -3*y - l, -4 + 10 = -5*y - l. Let o = y - q. List the prime factors of o.
3
Let u(k) = -2*k**3 + k**2 - 2*k + 13. List the prime factors of u(-5).
2, 149
Let r = -13 - -11. What are the prime factors of ((-3)/r)/((-2)/(-12))?
3
Let g be (-5)/20 + 14/(-8). Let r = g - -16. List the prime factors of r.
2, 7
Suppose -1521 = -5*n + 2*n. What are the prime factors of ((-4)/3)/((-13)/n)?
2, 13
Let t(v) = 6*v**3 - v**2 + 3. What are the prime factors of t(3)?
2, 3, 13
Let l(d) = d**3 + 5*d**2 - 7*d - 3. Let j(g) = 2*g + 4. Let p be j(-5). Let y be l(p). Suppose -w - y*w + 28 = 0. List the prime factors of w.
7
Let a be 1 + 18 - (-12 - -15). 